{"id":92,"date":"2022-09-26T20:30:13","date_gmt":"2022-09-26T20:30:13","guid":{"rendered":"https:\/\/andresbruetsch.ch\/?page_id=92"},"modified":"2022-10-04T14:22:40","modified_gmt":"2022-10-04T14:22:40","slug":"linas-zeichenheft","status":"publish","type":"page","link":"https:\/\/andresbruetsch.ch\/?page_id=92","title":{"rendered":"Linas Zeichenheft"},"content":{"rendered":"\n<p class=\"wp-block-paragraph\">Lina redet nicht gerne. Weil sie es nicht gut kann und ihre S\u00e4tze oft verschachtelt und unklar sind. <br>Lina beschliesst, wenn m\u00f6glich nicht zu reden. <br>Daf\u00fcr h\u00e4lt sie ihre Gedanken und Empfindungen mit Bleistift in ihrem Zeichenheft fest<\/p>\n\n\n\n<figure class=\"wp-block-gallery has-nested-images columns-default is-cropped wp-block-gallery-1 is-layout-flex wp-block-gallery-is-layout-flex\">\n<figure class=\"wp-block-image size-large\"><img loading=\"lazy\" decoding=\"async\" width=\"502\" height=\"1024\" data-id=\"120\" src=\"https:\/\/andresbruetsch.ch\/wp-content\/uploads\/2022\/09\/Scan_020-502x1024.png\" alt=\"\" class=\"wp-image-120\" srcset=\"https:\/\/andresbruetsch.ch\/wp-content\/uploads\/2022\/09\/Scan_020-502x1024.png 502w, https:\/\/andresbruetsch.ch\/wp-content\/uploads\/2022\/09\/Scan_020-147x300.png 147w, https:\/\/andresbruetsch.ch\/wp-content\/uploads\/2022\/09\/Scan_020.png 706w\" sizes=\"auto, (max-width: 502px) 100vw, 502px\" \/><\/figure>\n\n\n\n<figure class=\"wp-block-image size-large\"><img loading=\"lazy\" decoding=\"async\" width=\"831\" height=\"1024\" data-id=\"119\" src=\"https:\/\/andresbruetsch.ch\/wp-content\/uploads\/2022\/09\/Scan_013-831x1024.png\" alt=\"\" class=\"wp-image-119\" srcset=\"https:\/\/andresbruetsch.ch\/wp-content\/uploads\/2022\/09\/Scan_013-831x1024.png 831w, https:\/\/andresbruetsch.ch\/wp-content\/uploads\/2022\/09\/Scan_013-244x300.png 244w, https:\/\/andresbruetsch.ch\/wp-content\/uploads\/2022\/09\/Scan_013-768x946.png 768w, https:\/\/andresbruetsch.ch\/wp-content\/uploads\/2022\/09\/Scan_013.png 1169w\" sizes=\"auto, (max-width: 831px) 100vw, 831px\" \/><\/figure>\n\n\n\n<figure class=\"wp-block-image size-large\"><img loading=\"lazy\" decoding=\"async\" width=\"978\" height=\"1024\" data-id=\"118\" src=\"https:\/\/andresbruetsch.ch\/wp-content\/uploads\/2022\/09\/Scan_012-978x1024.png\" alt=\"\" class=\"wp-image-118\" srcset=\"https:\/\/andresbruetsch.ch\/wp-content\/uploads\/2022\/09\/Scan_012-978x1024.png 978w, https:\/\/andresbruetsch.ch\/wp-content\/uploads\/2022\/09\/Scan_012-286x300.png 286w, https:\/\/andresbruetsch.ch\/wp-content\/uploads\/2022\/09\/Scan_012-768x804.png 768w, https:\/\/andresbruetsch.ch\/wp-content\/uploads\/2022\/09\/Scan_012.png 1375w\" sizes=\"auto, (max-width: 978px) 100vw, 978px\" \/><\/figure>\n\n\n\n<figure class=\"wp-block-image size-large\"><img loading=\"lazy\" decoding=\"async\" width=\"1024\" height=\"951\" data-id=\"117\" src=\"https:\/\/andresbruetsch.ch\/wp-content\/uploads\/2022\/09\/Scan_008-1024x951.png\" alt=\"\" class=\"wp-image-117\" srcset=\"https:\/\/andresbruetsch.ch\/wp-content\/uploads\/2022\/09\/Scan_008-1024x951.png 1024w, https:\/\/andresbruetsch.ch\/wp-content\/uploads\/2022\/09\/Scan_008-300x279.png 300w, https:\/\/andresbruetsch.ch\/wp-content\/uploads\/2022\/09\/Scan_008-768x713.png 768w, https:\/\/andresbruetsch.ch\/wp-content\/uploads\/2022\/09\/Scan_008-1536x1427.png 1536w, https:\/\/andresbruetsch.ch\/wp-content\/uploads\/2022\/09\/Scan_008.png 1550w\" sizes=\"auto, (max-width: 1024px) 100vw, 1024px\" \/><\/figure>\n<\/figure>\n","protected":false},"excerpt":{"rendered":"<p>Lina redet nicht gerne. Weil sie es nicht gut kann und ihre S\u00e4tze oft verschachtelt und unklar sind. Lina beschliesst, wenn m\u00f6glich nicht zu reden. Daf\u00fcr h\u00e4lt sie ihre Gedanken und Empfindungen mit Bleistift in ihrem Zeichenheft fest<\/p>\n","protected":false},"author":1,"featured_media":0,"parent":0,"menu_order":0,"comment_status":"closed","ping_status":"closed","template":"","meta":{"_crdt_document":"","footnotes":""},"class_list":["post-92","page","type-page","status-publish","hentry"],"_links":{"self":[{"href":"https:\/\/andresbruetsch.ch\/index.php?rest_route=\/wp\/v2\/pages\/92","targetHints":{"allow":["GET"]}}],"collection":[{"href":"https:\/\/andresbruetsch.ch\/index.php?rest_route=\/wp\/v2\/pages"}],"about":[{"href":"https:\/\/andresbruetsch.ch\/index.php?rest_route=\/wp\/v2\/types\/page"}],"author":[{"embeddable":true,"href":"https:\/\/andresbruetsch.ch\/index.php?rest_route=\/wp\/v2\/users\/1"}],"replies":[{"embeddable":true,"href":"https:\/\/andresbruetsch.ch\/index.php?rest_route=%2Fwp%2Fv2%2Fcomments&post=92"}],"version-history":[{"count":4,"href":"https:\/\/andresbruetsch.ch\/index.php?rest_route=\/wp\/v2\/pages\/92\/revisions"}],"predecessor-version":[{"id":227,"href":"https:\/\/andresbruetsch.ch\/index.php?rest_route=\/wp\/v2\/pages\/92\/revisions\/227"}],"wp:attachment":[{"href":"https:\/\/andresbruetsch.ch\/index.php?rest_route=%2Fwp%2Fv2%2Fmedia&parent=92"}],"curies":[{"name":"wp","href":"https:\/\/api.w.org\/{rel}","templated":true}]}}